{"id":166,"date":"2025-12-24T09:17:55","date_gmt":"2025-12-24T09:17:55","guid":{"rendered":"http:\/\/despiertosproducciones.com\/?page_id=166"},"modified":"2026-01-19T09:21:51","modified_gmt":"2026-01-19T09:21:51","slug":"nosotros","status":"publish","type":"page","link":"https:\/\/despiertosproducciones.com\/index.php\/nosotros\/","title":{"rendered":"Nosotros"},"content":{"rendered":"\t\t<div data-elementor-type=\"wp-page\" data-elementor-id=\"166\" class=\"elementor elementor-166\" data-elementor-post-type=\"page\">\n\t\t\t\t<div class=\"elementor-element elementor-element-04f8468 e-flex e-con-boxed e-con e-parent\" data-id=\"04f8468\" data-element_type=\"container\" data-e-type=\"container\" data-settings=\"{&quot;background_background&quot;:&quot;classic&quot;}\">\n\t\t\t\t\t<div class=\"e-con-inner\">\n\t\t\t\t<div class=\"elementor-element elementor-element-f3d088d elementor-widget elementor-widget-image\" data-id=\"f3d088d\" data-element_type=\"widget\" data-e-type=\"widget\" data-widget_type=\"image.default\">\n\t\t\t\t\t\t\t\t\t\t\t\t\t\t\t<img fetchpriority=\"high\" decoding=\"async\" width=\"800\" height=\"545\" src=\"https:\/\/despiertosproducciones.com\/wp-content\/uploads\/2025\/12\/Captura-de-pantalla-2025-12-17-164906-1024x698.png\" class=\"attachment-large size-large wp-image-81\" alt=\"\" srcset=\"https:\/\/despiertosproducciones.com\/wp-content\/uploads\/2025\/12\/Captura-de-pantalla-2025-12-17-164906-1024x698.png 1024w, https:\/\/despiertosproducciones.com\/wp-content\/uploads\/2025\/12\/Captura-de-pantalla-2025-12-17-164906-300x205.png 300w, https:\/\/despiertosproducciones.com\/wp-content\/uploads\/2025\/12\/Captura-de-pantalla-2025-12-17-164906-768x524.png 768w, https:\/\/despiertosproducciones.com\/wp-content\/uploads\/2025\/12\/Captura-de-pantalla-2025-12-17-164906.png 1087w\" sizes=\"(max-width: 800px) 100vw, 800px\" \/>\t\t\t\t\t\t\t\t\t\t\t\t\t\t\t<\/div>\n\t\t\t\t\t<\/div>\n\t\t\t\t<\/div>\n\t\t<div class=\"elementor-element elementor-element-08debbb e-flex e-con-boxed e-con e-parent\" data-id=\"08debbb\" data-element_type=\"container\" data-e-type=\"container\" data-settings=\"{&quot;background_background&quot;:&quot;classic&quot;}\">\n\t\t\t\t\t<div class=\"e-con-inner\">\n\t\t\t\t<div class=\"elementor-element elementor-element-1fff96a elementor-widget elementor-widget-text-editor\" data-id=\"1fff96a\" data-element_type=\"widget\" data-e-type=\"widget\" data-widget_type=\"text-editor.default\">\n\t\t\t\t\t\t\t\t\t<p><strong>Los Despiertos<\/strong> somos <strong>Alberto Berzal, Israel Fr<\/strong><strong>\u00edas y Luis Rallo<\/strong>, tres actores que nos conocimos en el Laboratorio Teatral William Layton en 1994. \u00a1C\u00f3mo pasa el tiempo! El tiempo es un misterio.<\/p><p><em>\u00a0\u00a0\u00a0 <\/em>Desde entonces nuestra amistad y nuestro amor por el teatro ha ido creciendo de manera imparable y eso nos ha permitido alternar nuestro trabajo como actores en numerosas producciones y al mismo tiempo generar distintos proyectos, compa\u00f1\u00edas y colectivos teatrales.<\/p><p>En esa doble labor de productores-actores, a menudo dif\u00edcil y siempre apasionante, ha sido y sigue siendo esencial que el trabajo actoral, la experimentaci\u00f3n y los textos de calidad sean la base de cualquiera de las iniciativas de las que hemos formamos parte.<\/p><p>\u00a0\u00a0\u00a0\u00a0\u00a0\u00a0\u00a0\u00a0 Durante mucho tiempo nuestro imaginario se ha inclinado a buscar y trabajar con la dramaturgia y novela americana o anglosajona y es as\u00ed como hemos llevado a escena t\u00edtulos como True West <em>(Sam Shepard), <\/em>1984 <em>(George Orwell),<\/em>\u00a0Los \u00daltimos D\u00edas de Judas Iscariote <em>(Sthepen Adly Guirgis)<\/em>, o La Naranja M\u00e9canica <em>(<\/em><em>Anthony Burgess).<\/em><\/p><p>\u00a0\u00a0\u00a0\u00a0\u00a0\u00a0\u00a0\u00a0 Es en 2019, y continuando con esa naturaleza creativa que nos mueve y el deseo de impulsar nuevos proyectos, cuando ponemos nuestra mirada en la dramaturgia contempor\u00e1nea espa\u00f1ola. De esa renovada mirada surge en 2022 <strong><em>Los Despiertos, <\/em><\/strong>un texto original escrito y dirigido por <strong><em>Jos<\/em><\/strong><strong><em>\u00e9 <\/em><\/strong><strong><em>Troncoso<\/em><\/strong> y del que hemos tomado el nombre para la <strong>Compa\u00f1\u00eda<\/strong> en esta nueva andadura. Nueva etapa, nuevo nombre, <strong>Los Despiertos.<\/strong><\/p><p>\u00a0\u00a0\u00a0\u00a0\u00a0\u00a0\u00a0\u00a0 En la misma senda de encontrar nuevas dramaturgias en espa\u00f1ol, nuestra segunda producci\u00f3n en esta nueva etapa es <strong><em>A la f<\/em><\/strong><strong><em>resca<\/em><\/strong>, obra original escrita y dirigida por <strong><em>Pablo Rosal, <\/em><\/strong>actualmente en repertorio y gira al igual que <strong>Los Despiertos.<\/strong><\/p><p><em>\u00a0<\/em>Mientras tanto seguimos buscando la uni\u00f3n con profesionales de las artes esc\u00e9nicas y sobre todo con nuestro deseo de impulsar dramaturgias en lengua espa\u00f1ola y colaborar con directores y directoras de escena, con inquietudes similares y un lenguaje com\u00fan. Queremos que de esa uni\u00f3n y esa mezcla, lo creado, lo que finalmente el p\u00fablico pueda disfrutar, est\u00e9 lleno de honestidad y calidad.<\/p><p>\u00a0\u00a0\u00a0\u00a0\u00a0\u00a0\u00a0\u00a0 Creemos en un trabajo colectivo, nos gusta hacer equipo, por eso deseamos que nuestras propuestas provoquen inter\u00e9s, sean arriesgadas y supongan un reto y un est\u00edmulo para todos los que formamos parte de ese equipo.<\/p><p>\u00a0\u00a0\u00a0\u00a0\u00a0\u00a0\u00a0\u00a0 El teatro nos pone en movimiento. Nos hace seguir buscando.<\/p>\t\t\t\t\t\t\t\t<\/div>\n\t\t\t\t\t<\/div>\n\t\t\t\t<\/div>\n\t\t<div class=\"elementor-element elementor-element-f687593 e-flex e-con-boxed e-con e-parent\" data-id=\"f687593\" data-element_type=\"container\" data-e-type=\"container\" data-settings=\"{&quot;background_background&quot;:&quot;classic&quot;}\">\n\t\t\t\t\t<div class=\"e-con-inner\">\n\t\t\t\t<div class=\"elementor-element elementor-element-76e175a gallery-spacing-custom elementor-widget elementor-widget-image-gallery\" data-id=\"76e175a\" data-element_type=\"widget\" data-e-type=\"widget\" data-widget_type=\"image-gallery.default\">\n\t\t\t\t\t\t\t<div class=\"elementor-image-gallery\">\n\t\t\t<div id='gallery-1' class='gallery galleryid-166 gallery-columns-3 gallery-size-medium'><figure class='gallery-item'>\n\t\t\t<div class='gallery-icon portrait'>\n\t\t\t\t<a data-elementor-open-lightbox=\"yes\" data-elementor-lightbox-slideshow=\"76e175a\" data-elementor-lightbox-title=\"CARTEL A LA FRESCA\" data-e-action-hash=\"#elementor-action%3Aaction%3Dlightbox%26settings%3DeyJpZCI6NjUzLCJ1cmwiOiJodHRwczpcL1wvZGVzcGllcnRvc3Byb2R1Y2Npb25lcy5jb21cL3dwLWNvbnRlbnRcL3VwbG9hZHNcLzIwMjZcLzAxXC9DQVJURUwtQS1MQS1GUkVTQ0Eud2VicCIsInNsaWRlc2hvdyI6Ijc2ZTE3NWEifQ%3D%3D\" href='https:\/\/despiertosproducciones.com\/wp-content\/uploads\/2026\/01\/CARTEL-A-LA-FRESCA.webp'><img decoding=\"async\" width=\"210\" height=\"300\" src=\"https:\/\/despiertosproducciones.com\/wp-content\/uploads\/2026\/01\/CARTEL-A-LA-FRESCA-210x300.webp\" class=\"attachment-medium size-medium\" alt=\"\" srcset=\"https:\/\/despiertosproducciones.com\/wp-content\/uploads\/2026\/01\/CARTEL-A-LA-FRESCA-210x300.webp 210w, https:\/\/despiertosproducciones.com\/wp-content\/uploads\/2026\/01\/CARTEL-A-LA-FRESCA-716x1024.webp 716w, https:\/\/despiertosproducciones.com\/wp-content\/uploads\/2026\/01\/CARTEL-A-LA-FRESCA-768x1098.webp 768w, https:\/\/despiertosproducciones.com\/wp-content\/uploads\/2026\/01\/CARTEL-A-LA-FRESCA.webp 990w\" sizes=\"(max-width: 210px) 100vw, 210px\" \/><\/a>\n\t\t\t<\/div><\/figure><figure class='gallery-item'>\n\t\t\t<div class='gallery-icon portrait'>\n\t\t\t\t<a data-elementor-open-lightbox=\"yes\" data-elementor-lightbox-slideshow=\"76e175a\" data-elementor-lightbox-title=\"CARTEL LOS DESPIERTOS COMPA\u00d1IA TEATRO TRONCOSO\" data-e-action-hash=\"#elementor-action%3Aaction%3Dlightbox%26settings%3DeyJpZCI6NTg0LCJ1cmwiOiJodHRwczpcL1wvZGVzcGllcnRvc3Byb2R1Y2Npb25lcy5jb21cL3dwLWNvbnRlbnRcL3VwbG9hZHNcLzIwMjZcLzAxXC9DQVJURUwtTE9TLURFU1BJRVJUT1MtQ09NUEFOSUEtVEVBVFJPLVRST05DT1NPLS53ZWJwIiwic2xpZGVzaG93IjoiNzZlMTc1YSJ9\" href='https:\/\/despiertosproducciones.com\/wp-content\/uploads\/2026\/01\/CARTEL-LOS-DESPIERTOS-COMPANIA-TEATRO-TRONCOSO-.webp'><img decoding=\"async\" width=\"217\" height=\"300\" src=\"https:\/\/despiertosproducciones.com\/wp-content\/uploads\/2026\/01\/CARTEL-LOS-DESPIERTOS-COMPANIA-TEATRO-TRONCOSO--217x300.webp\" class=\"attachment-medium size-medium\" alt=\"\" srcset=\"https:\/\/despiertosproducciones.com\/wp-content\/uploads\/2026\/01\/CARTEL-LOS-DESPIERTOS-COMPANIA-TEATRO-TRONCOSO--217x300.webp 217w, https:\/\/despiertosproducciones.com\/wp-content\/uploads\/2026\/01\/CARTEL-LOS-DESPIERTOS-COMPANIA-TEATRO-TRONCOSO-.webp 542w\" sizes=\"(max-width: 217px) 100vw, 217px\" \/><\/a>\n\t\t\t<\/div><\/figure><figure class='gallery-item'>\n\t\t\t<div class='gallery-icon portrait'>\n\t\t\t\t<a data-elementor-open-lightbox=\"yes\" data-elementor-lightbox-slideshow=\"76e175a\" data-elementor-lightbox-title=\"CARTEL TRUE WEST LOS DESPIERTOS PRODUCCIONES COMPAN\u0303IA TEATRO\" data-e-action-hash=\"#elementor-action%3Aaction%3Dlightbox%26settings%3DeyJpZCI6MTc0LCJ1cmwiOiJodHRwczpcL1wvZGVzcGllcnRvc3Byb2R1Y2Npb25lcy5jb21cL3dwLWNvbnRlbnRcL3VwbG9hZHNcLzIwMjVcLzEyXC9DQVJURUwtVFJVRS1XRVNULUxPUy1ERVNQSUVSVE9TLVBST0RVQ0NJT05FUy1DT01QQU5JQS1URUFUUk8tLmpwZyIsInNsaWRlc2hvdyI6Ijc2ZTE3NWEifQ%3D%3D\" href='https:\/\/despiertosproducciones.com\/wp-content\/uploads\/2025\/12\/CARTEL-TRUE-WEST-LOS-DESPIERTOS-PRODUCCIONES-COMPANIA-TEATRO-.jpg'><img loading=\"lazy\" decoding=\"async\" width=\"214\" height=\"300\" src=\"https:\/\/despiertosproducciones.com\/wp-content\/uploads\/2025\/12\/CARTEL-TRUE-WEST-LOS-DESPIERTOS-PRODUCCIONES-COMPANIA-TEATRO--214x300.jpg\" class=\"attachment-medium size-medium\" alt=\"\" aria-describedby=\"gallery-1-174\" srcset=\"https:\/\/despiertosproducciones.com\/wp-content\/uploads\/2025\/12\/CARTEL-TRUE-WEST-LOS-DESPIERTOS-PRODUCCIONES-COMPANIA-TEATRO--214x300.jpg 214w, https:\/\/despiertosproducciones.com\/wp-content\/uploads\/2025\/12\/CARTEL-TRUE-WEST-LOS-DESPIERTOS-PRODUCCIONES-COMPANIA-TEATRO-.jpg 633w\" sizes=\"(max-width: 214px) 100vw, 214px\" \/><\/a>\n\t\t\t<\/div>\n\t\t\t\t<figcaption class='wp-caption-text gallery-caption' id='gallery-1-174'>\n\t\t\t\tTrue West \u2013 Sam Shepard. Producci\u00f3n Los Despiertos\n\t\t\t\t<\/figcaption><\/figure><figure class='gallery-item'>\n\t\t\t<div class='gallery-icon portrait'>\n\t\t\t\t<a data-elementor-open-lightbox=\"yes\" data-elementor-lightbox-slideshow=\"76e175a\" data-elementor-lightbox-title=\"CARTEL-1984-LOS-DESPIERTOS-PRODUCCIONES-COMPANIA-TEATRO\" data-e-action-hash=\"#elementor-action%3Aaction%3Dlightbox%26settings%3DeyJpZCI6MTczLCJ1cmwiOiJodHRwczpcL1wvZGVzcGllcnRvc3Byb2R1Y2Npb25lcy5jb21cL3dwLWNvbnRlbnRcL3VwbG9hZHNcLzIwMjVcLzEyXC9DQVJURUwtMTk4NC1MT1MtREVTUElFUlRPUy1QUk9EVUNDSU9ORVMtQ09NUEFOSUEtVEVBVFJPLS5qcGciLCJzbGlkZXNob3ciOiI3NmUxNzVhIn0%3D\" href='https:\/\/despiertosproducciones.com\/wp-content\/uploads\/2025\/12\/CARTEL-1984-LOS-DESPIERTOS-PRODUCCIONES-COMPANIA-TEATRO-.jpg'><img loading=\"lazy\" decoding=\"async\" width=\"218\" height=\"300\" src=\"https:\/\/despiertosproducciones.com\/wp-content\/uploads\/2025\/12\/CARTEL-1984-LOS-DESPIERTOS-PRODUCCIONES-COMPANIA-TEATRO--218x300.jpg\" class=\"attachment-medium size-medium\" alt=\"\" aria-describedby=\"gallery-1-173\" srcset=\"https:\/\/despiertosproducciones.com\/wp-content\/uploads\/2025\/12\/CARTEL-1984-LOS-DESPIERTOS-PRODUCCIONES-COMPANIA-TEATRO--218x300.jpg 218w, https:\/\/despiertosproducciones.com\/wp-content\/uploads\/2025\/12\/CARTEL-1984-LOS-DESPIERTOS-PRODUCCIONES-COMPANIA-TEATRO--744x1024.jpg 744w, https:\/\/despiertosproducciones.com\/wp-content\/uploads\/2025\/12\/CARTEL-1984-LOS-DESPIERTOS-PRODUCCIONES-COMPANIA-TEATRO--768x1057.jpg 768w, https:\/\/despiertosproducciones.com\/wp-content\/uploads\/2025\/12\/CARTEL-1984-LOS-DESPIERTOS-PRODUCCIONES-COMPANIA-TEATRO-.jpg 1005w\" sizes=\"(max-width: 218px) 100vw, 218px\" \/><\/a>\n\t\t\t<\/div>\n\t\t\t\t<figcaption class='wp-caption-text gallery-caption' id='gallery-1-173'>\n\t\t\t\t1984 \u2013 George Orwell\n\t\t\t\t<\/figcaption><\/figure><figure class='gallery-item'>\n\t\t\t<div class='gallery-icon portrait'>\n\t\t\t\t<a data-elementor-open-lightbox=\"yes\" data-elementor-lightbox-slideshow=\"76e175a\" data-elementor-lightbox-title=\"CARTEL-LOS-ULTIMOS-DIAS-DE-JUDAS-ISCARIOTE-LOS-DESPIERTOS-PRODUCCIONES-COMPANIA-TEATRO\" data-e-action-hash=\"#elementor-action%3Aaction%3Dlightbox%26settings%3DeyJpZCI6MTcyLCJ1cmwiOiJodHRwczpcL1wvZGVzcGllcnRvc3Byb2R1Y2Npb25lcy5jb21cL3dwLWNvbnRlbnRcL3VwbG9hZHNcLzIwMjVcLzEyXC9DQVJURUwtTE9TLVVMVElNT1MtRElBUy1ERS1KVURBUy1JU0NBUklPVEUtTE9TLURFU1BJRVJUT1MtUFJPRFVDQ0lPTkVTLUNPTVBBTklBLVRFQVRSTy0uanBnIiwic2xpZGVzaG93IjoiNzZlMTc1YSJ9\" href='https:\/\/despiertosproducciones.com\/wp-content\/uploads\/2025\/12\/CARTEL-LOS-ULTIMOS-DIAS-DE-JUDAS-ISCARIOTE-LOS-DESPIERTOS-PRODUCCIONES-COMPANIA-TEATRO-.jpg'><img loading=\"lazy\" decoding=\"async\" width=\"208\" height=\"300\" src=\"https:\/\/despiertosproducciones.com\/wp-content\/uploads\/2025\/12\/CARTEL-LOS-ULTIMOS-DIAS-DE-JUDAS-ISCARIOTE-LOS-DESPIERTOS-PRODUCCIONES-COMPANIA-TEATRO--208x300.jpg\" class=\"attachment-medium size-medium\" alt=\"\" aria-describedby=\"gallery-1-172\" srcset=\"https:\/\/despiertosproducciones.com\/wp-content\/uploads\/2025\/12\/CARTEL-LOS-ULTIMOS-DIAS-DE-JUDAS-ISCARIOTE-LOS-DESPIERTOS-PRODUCCIONES-COMPANIA-TEATRO--208x300.jpg 208w, https:\/\/despiertosproducciones.com\/wp-content\/uploads\/2025\/12\/CARTEL-LOS-ULTIMOS-DIAS-DE-JUDAS-ISCARIOTE-LOS-DESPIERTOS-PRODUCCIONES-COMPANIA-TEATRO--712x1024.jpg 712w, https:\/\/despiertosproducciones.com\/wp-content\/uploads\/2025\/12\/CARTEL-LOS-ULTIMOS-DIAS-DE-JUDAS-ISCARIOTE-LOS-DESPIERTOS-PRODUCCIONES-COMPANIA-TEATRO--768x1105.jpg 768w, https:\/\/despiertosproducciones.com\/wp-content\/uploads\/2025\/12\/CARTEL-LOS-ULTIMOS-DIAS-DE-JUDAS-ISCARIOTE-LOS-DESPIERTOS-PRODUCCIONES-COMPANIA-TEATRO-.jpg 925w\" sizes=\"(max-width: 208px) 100vw, 208px\" \/><\/a>\n\t\t\t<\/div>\n\t\t\t\t<figcaption class='wp-caption-text gallery-caption' id='gallery-1-172'>\n\t\t\t\tLos \u00faltimos d\u00edas de Judas Iscariote \u2013 Stephen Adly Guirgis\n\t\t\t\t<\/figcaption><\/figure><figure class='gallery-item'>\n\t\t\t<div class='gallery-icon portrait'>\n\t\t\t\t<a data-elementor-open-lightbox=\"yes\" data-elementor-lightbox-slideshow=\"76e175a\" data-elementor-lightbox-title=\"CARTEL-LA-NARANJA-MECANICA-WILLIAM-LAYTON-LOS-DESPIERTOS-PRODUCCIONES-COMPANIA-TEATRO\" data-e-action-hash=\"#elementor-action%3Aaction%3Dlightbox%26settings%3DeyJpZCI6MTc1LCJ1cmwiOiJodHRwczpcL1wvZGVzcGllcnRvc3Byb2R1Y2Npb25lcy5jb21cL3dwLWNvbnRlbnRcL3VwbG9hZHNcLzIwMjVcLzEyXC9DQVJURUwtTEEtTkFSQU5KQS1NRUNBTklDQS1XSUxMSUFNLUxBWVRPTi1MT1MtREVTUElFUlRPUy1QUk9EVUNDSU9ORVMtQ09NUEFOSUEtVEVBVFJPLS5qcGciLCJzbGlkZXNob3ciOiI3NmUxNzVhIn0%3D\" href='https:\/\/despiertosproducciones.com\/wp-content\/uploads\/2025\/12\/CARTEL-LA-NARANJA-MECANICA-WILLIAM-LAYTON-LOS-DESPIERTOS-PRODUCCIONES-COMPANIA-TEATRO-.jpg'><img loading=\"lazy\" decoding=\"async\" width=\"159\" height=\"300\" src=\"https:\/\/despiertosproducciones.com\/wp-content\/uploads\/2025\/12\/CARTEL-LA-NARANJA-MECANICA-WILLIAM-LAYTON-LOS-DESPIERTOS-PRODUCCIONES-COMPANIA-TEATRO--159x300.jpg\" class=\"attachment-medium size-medium\" alt=\"\" aria-describedby=\"gallery-1-175\" srcset=\"https:\/\/despiertosproducciones.com\/wp-content\/uploads\/2025\/12\/CARTEL-LA-NARANJA-MECANICA-WILLIAM-LAYTON-LOS-DESPIERTOS-PRODUCCIONES-COMPANIA-TEATRO--159x300.jpg 159w, https:\/\/despiertosproducciones.com\/wp-content\/uploads\/2025\/12\/CARTEL-LA-NARANJA-MECANICA-WILLIAM-LAYTON-LOS-DESPIERTOS-PRODUCCIONES-COMPANIA-TEATRO--544x1024.jpg 544w, https:\/\/despiertosproducciones.com\/wp-content\/uploads\/2025\/12\/CARTEL-LA-NARANJA-MECANICA-WILLIAM-LAYTON-LOS-DESPIERTOS-PRODUCCIONES-COMPANIA-TEATRO-.jpg 670w\" sizes=\"(max-width: 159px) 100vw, 159px\" \/><\/a>\n\t\t\t<\/div>\n\t\t\t\t<figcaption class='wp-caption-text gallery-caption' id='gallery-1-175'>\n\t\t\t\tLa Naranja Mec\u00e1nica \u2013 Anthony Burgess\n\t\t\t\t<\/figcaption><\/figure>\n\t\t<\/div>\n\t\t<\/div>\n\t\t\t\t\t\t<\/div>\n\t\t\t\t\t<\/div>\n\t\t\t\t<\/div>\n\t\t\t\t<\/div>\n\t\t","protected":false},"excerpt":{"rendered":"<p>Los Despiertos somos Alberto Berzal, Israel Fr\u00edas y Luis Rallo, tres actores que nos conocimos en el Laboratorio Teatral William Layton en 1994. \u00a1C\u00f3mo pasa el tiempo! El tiempo es un misterio. \u00a0\u00a0\u00a0 Desde entonces nuestra amistad y nuestro amor por el teatro ha ido creciendo de manera imparable y eso nos ha permitido alternar [&hellip;]<\/p>\n","protected":false},"author":1,"featured_media":0,"parent":0,"menu_order":0,"comment_status":"closed","ping_status":"closed","template":"elementor_header_footer","meta":{"footnotes":""},"class_list":["post-166","page","type-page","status-publish","hentry"],"_links":{"self":[{"href":"https:\/\/despiertosproducciones.com\/index.php\/wp-json\/wp\/v2\/pages\/166","targetHints":{"allow":["GET"]}}],"collection":[{"href":"https:\/\/despiertosproducciones.com\/index.php\/wp-json\/wp\/v2\/pages"}],"about":[{"href":"https:\/\/despiertosproducciones.com\/index.php\/wp-json\/wp\/v2\/types\/page"}],"author":[{"embeddable":true,"href":"https:\/\/despiertosproducciones.com\/index.php\/wp-json\/wp\/v2\/users\/1"}],"replies":[{"embeddable":true,"href":"https:\/\/despiertosproducciones.com\/index.php\/wp-json\/wp\/v2\/comments?post=166"}],"version-history":[{"count":46,"href":"https:\/\/despiertosproducciones.com\/index.php\/wp-json\/wp\/v2\/pages\/166\/revisions"}],"predecessor-version":[{"id":665,"href":"https:\/\/despiertosproducciones.com\/index.php\/wp-json\/wp\/v2\/pages\/166\/revisions\/665"}],"wp:attachment":[{"href":"https:\/\/despiertosproducciones.com\/index.php\/wp-json\/wp\/v2\/media?parent=166"}],"curies":[{"name":"wp","href":"https:\/\/api.w.org\/{rel}","templated":true}]}}